y) = 11*y**2 + 8*y + 7. What is the units digit of m(v)?
1
Let d(q) = -12*q**3 + 12*q**2 + 11*q - 9. Let g be ((-3)/(-6))/(((-35)/(-56))/(-5)). What is the hundreds digit of d(g)?
9
Suppose -20749 = -2*l + 17915 - 9702. What is the hundreds digit of l?
4
Let w = -99 - -82. Let l be (w/(-51))/(2/30). What is the hundreds digit of ((l + -2)*-2 + 3)*-39?
1
Let h(r) = -1508*r**3 + 7*r**2 + 7*r - 1. Let d be ((-2)/4)/(-11 - 69/(-6)). What is the hundreds digit of h(d)?
5
Suppose -4*h - 4 = -2*h. Suppose -17 + 9 = 4*t. What is the units digit of (-221)/h - t/(-4)?
0
What is the tens digit of 2/(39/(-223834)*(-24)/18)?
0
Let y(f) = 262*f - 1007. What is the tens digit of y(4)?
4
Let x(y) be the second derivative of 11/12*y**4 + 1/3*y**3 + 0 + 0*y**2 - 19*y. What is the units digit of x(-3)?
3
Let l(z) = z**3 + 10*z**2 - 12*z - 25. Let j = -88 - -78. Let b be l(j). Suppose 8*h - 3*h + b = 2*m, -2*m = h - 89. What is the units digit of m?
5
Suppose -576 = -11*b + 5*b. Suppose -3*n = -699 - b. What is the hundreds digit of n?
2
What is the hundreds digit of (-407)/111 - (-261429)/9?
0
Let c = 4 - -122. Suppose 4*p + 49 = 5*w - 4*w, -2*w = -p - c. Let b = -46 + w. What is the units digit of b?
9
Suppose -10*d + 85534 + 209181 - 8195 = 0. What is the ten thousands digit of d?
2
Suppose 0 = -3*g + 141 - 135. Suppose g*c = d + 923, 0 = 33*c - 29*c + 5*d - 1811. What is the hundreds digit of c?
4
Let f = -14 + 36. Let b = 338 + -331. Let g = f + b. What is the tens digit of g?
2
Let l be ((-73)/(-2))/((-2)/(-48)). Let y = -619 + l. What is the hundreds digit of y?
2
Suppose 0 = -3*y + 550 - 553. What is the hundreds digit of (3/6)/(y/(-1390))?
6
Let y(i) = 2*i**3 - 4*i**2 + 2*i - 5. Let z be y(3). Suppose 0 = z*k - 636 - 618. What is the units digit of k?
6
Let m(h) = -h**3 + 5*h**2 + h + 286. What is the units digit of m(-28)?
0
Suppose -13*n + 5475 + 90296 = 0. What is the tens digit of n?
6
Let i = 205 - 348. Suppose -5*w = -5*v + 2243 - 558, -v - 2*w + 328 = 0. Let u = i + v. What is the units digit of u?
1
Let t(k) = -7*k + 438 - 455 + 16*k. What is the units digit of t(9)?
4
Let l(a) = -14*a**3 - 7*a**2 - 34*a - 192. What is the hundreds digit of l(-6)?
7
Let m(c) = 61*c**2 + 54*c - 93. What is the thousands digit of m(5)?
1
Let o = 4 - -9. Let b(p) = -6 + 9 + 12*p + o - p**2 + 14. What is the units digit of b(11)?
1
Let a = -538 + 532. What is the hundreds digit of (-3)/a*(65460/5)/6?
0
Suppose 8*r - 3*r = 25. Let l(s) = -2*s + 14. What is the units digit of l(r)?
4
Let t = 16531 - 1092. What is the thousands digit of t?
5
Let s = 32 - 44. Let f be ((-54)/s)/(2/4). Suppose -156 = -f*a + 600. What is the tens digit of a?
8
What is the tens digit of (-13555)/(-7) - 11/((-77)/4)?
3
Let j = 1377 - 1372. Suppose 4*b + 6 = -4*k - 2, 0 = 3*b - 3*k - 6. Suppose -j*d + 2*g = -254, 5*d + g - 309 + 46 = b. What is the tens digit of d?
5
Let x = 3725 - -16975. What is the hundreds digit of x?
7
Suppose -347 + 143 = 3*g + 3*x, -g = 3*x + 72. What is the units digit of 314/4 + g/44?
7
Let b = 581 + -576. Suppose 0 = -b*t - 3*s + 5*s + 5149, 3079 = 3*t + 4*s. What is the tens digit of t?
2
Let l(z) = z**3 - 18*z**2 + 17*z - 2. Suppose 39 = -f + 57. What is the tens digit of l(f)?
0
Suppose 12*h = 303 - 75. Suppose -9*z + 341 = -h. What is the units digit of z?
0
Let b(p) = -2*p**3 + 12*p**2 - 9*p. Let s(o) = 3*o**3 - 21*o**2 + 15*o. Let i(w) = 5*b(w) + 3*s(w). Let h = -5 + 1. What is the units digit of i(h)?
6
What is the thousands digit of (-470)/(-94) + -3 + 1 + 19467?
9
Let y = -21 - -23. Suppose 4*o - y = 3*o. Suppose 0 = -o*n, 2*n = -r - 2*n + 54. What is the units digit of r?
4
Suppose 3*n = -0*n + 12. Suppose 0 - n = -k. Suppose k*d - 8 = -0*d, -3*d = 2*v - 190. What is the units digit of v?
2
Let k(f) = -12*f**3 - f**2 - 7*f - 6. Let h be k(-1). What is the units digit of (-2622)/(-18) + (-20)/h?
4
Suppose n + 3*d - 40 = -7, 4*d - 37 = -n. Let b = 15 + n. Suppose 0 = -2*i + 30 + b. What is the tens digit of i?
3
Suppose -27 = -14*w + 15. Let x(d) = -29*d. Let f(k) = -29*k - 1. Let q(n) = -3*f(n) + 2*x(n). What is the tens digit of q(w)?
9
Let v(u) = 3*u + 180. Let w be v(19). Suppose 0 = 9*k - w - 276. What is the units digit of k?
7
Let h be (-18)/(-12) - (375/(-2))/5. Suppose -1263 = -4*b - h. Suppose -b = -8*k + 5*k. What is the units digit of k?
2
What is the thousands digit of (-3 - 0) + (5 - (-40535)/11)?
3
Suppose 15 = 5*o + 4*p + p, 5*o - 15 = 2*p. Suppose -x - 4*x = q - 9, o*x - 7 = q. Suppose l + 105 = c, 0 = c - 0*c + x*l - 99. What is the hundreds digit of c?
1
Let f = -5408 - -12194. What is the hundreds digit of f?
7
What is the units digit of ((-2245)/30)/((-4)/24)?
9
Let o = 104 + -103. Let k be ((-522)/o + -2)*27/36. Let f = k + 603. What is the hundreds digit of f?
2
Suppose 6*i + 3 = 5*i, 5*y + 61 = -2*i. Let a(p) = 14*p**2 + 9*p + 6. What is the hundreds digit of a(y)?
6
Suppose 3*l = 20 - 2. Suppose 2*t + 0*t - 154 = 4*b, -l = -2*t. Let x = b - -96. What is the units digit of x?
9
Let n = -75 - -69. What is the units digit of (1 + n)/(-4*5/280)?
0
Let q be 20/(-90) - (-2 + 778/(-18)). Let n = 42 - q. Let r(x) = 5*x**2. What is the tens digit of r(n)?
4
Let t be (24/(-7))/(16/(-56)) - 4. What is the hundreds digit of 6/4*(73536/18)/t?
7
Let s = -58586 + 87341. What is the tens digit of s?
5
Let a(s) = -s**2 + 2*s - 2. Let f be a(-4). Let v be 20*2/(-8) - 17*(-4 - -1). What is the tens digit of v*2*1 - f/(-13)?
9
Let i = 11 - 7. Suppose 4*b - 4*a - a = 2, 3*b - 13 = -2*a. What is the units digit of b - (i/18 + (-1145)/9)?
0
Suppose 8*a + 11*a + 267581 = 1087906. What is the units digit of a?
5
Let s = 25104 + -7129. What is the ten thousands digit of s?
1
Let h = -9905 - -20802. What is the tens digit of h?
9
Suppose 0 = 5*h + 17*f - 13*f - 127030, 3*f - 127025 = -5*h. What is the thousands digit of h?
5
Suppose 12*i - 60359 - 5713 = 0. What is the hundreds digit of i?
5
Let b(m) = -26*m**2 + 6*m - 17. Let n be b(3). What is the tens digit of (8 + -7 + -6)*n?
6
Suppose 12*j = -4*j - 64. What is the units digit of ((-14)/j)/(10/5580*9)?
7
Suppose 9*o - 8*o = -6*f + 36135, 2*f - 12056 = -4*o. What is the units digit of f?
2
Let g(t) = -36*t - 49. Let i(q) = -54*q - 74. Let u(s) = -7*g(s) + 5*i(s). Suppose -8*z = -5*z + 15. What is the units digit of u(z)?
3
Let j(v) = 46*v**3 - 5*v**2 - 6*v - 12. What is the thousands digit of j(4)?
2
Let c = 49 - 43. What is the units digit of 4/((-5960)/995 + c)?
8
Let v be 20/30 + (-6)/9*-2981. Let g = 2858 - v. What is the tens digit of g?
7
Let r = 1154 + 1524. What is the units digit of r?
8
Suppose 7*o - 81 = 10*o. Let d be (25/15)/(3/o*-1). Let z(i) = -i**3 + 16*i**2 - 4*i - 47. What is the units digit of z(d)?
8
Suppose 0 = 4*k + 5*n + 15, -4*k = -5*n - 6 - 9. Suppose 0*q - 2*q = 3*h, -2*q + 4*h + 14 = k. What is the units digit of (-23)/(-6)*2*q?
3
Let r be (-3107)/(-9) + 5 + (-188)/36. Let f = -105 + r. What is the units digit of f?
0
Let i(n) = -n**2 - 7*n - 4. Let d be i(-18). Let g = 350 + d. What is the units digit of g?
8
Suppose -2*j + 46 = 11*s - 10*s, 2*s - 2*j - 122 = 0. Suppose -5*x = -7*x - 3*z + 91, -2*z = -x + s. What is the tens digit of x?
5
Let l(w) = -2*w**2 + 12*w + 14. Let n be l(7). Suppose -t + 277 + 21 = n. Suppose 4*h = -74 + t. What is the units digit of h?
6
Suppose 5*k - 3*f - 1880 = 0, -3*k + 1104 = 18*f - 15*f. Suppose k*r - 1322 = 372*r. What is the hundreds digit of r?
3
Let o = 2710 - 1107. Suppose 10*d = 9027 + o. What is the hundreds digit of d?
0
Let p(f) = -286*f - 208. What is the tens digit of p(-7)?
9
Let j be (15*5/30)/((-3)/(-7314)). Suppose -38*q = -5*s - 36*q + j, 0 = s - 3*q - 1206. What is the hundreds digit of s?
2
Let w(j) = 229*j**2 - 58*j - 211. What is the thousands digit of w(-7)?
1
Suppose 14*k + 13 + 1 = 0. What is the tens digit of ((-16)/(-6))/(123/117 + k)?
5
Suppose 8*i = -3*i + 32901. Suppose 4*a - 4*l - 966 - 3018 = 0, -4*l - i = -3*a. What is the units digit of a?
3
Let y(n) = 4*n**2 + 13*n - 9*n + 0 + 4. Suppose 2*v - 5*z = -8, -9*v + 10*v + 4 = -4*z. What is the units digit of y(v)?
2
Let o = -96 - -81. Let t(j) = -2*j - 8. Let l be t(-4). Let u = l - o. What is the units digit of u?
5
Let k(c) = -3*c**3 + 9*c**2 + 22*c - 3. Let w b